{"id":858,"date":"2021-06-29T05:54:17","date_gmt":"2021-06-29T05:54:17","guid":{"rendered":"https:\/\/www.vasucetni.cz\/?page_id=858"},"modified":"2024-09-05T23:30:09","modified_gmt":"2024-09-05T21:30:09","slug":"home","status":"publish","type":"page","link":"https:\/\/www.vasucetni.cz\/","title":{"rendered":"Dom\u016f"},"content":{"rendered":"\n<div class=\"wp-block-uagb-container uagb-layout-flex uagb-block-3de7d976 alignfull uagb-is-root-container\"><div class=\"uagb-container-inner-blocks-wrap\">\n<div class=\"wp-block-uagb-container uag-blocks-common-selector uagb-block-ace2a463\">\n<div class=\"wp-block-uagb-info-box uagb-block-b78661eb uagb-infobox__content-wrap  uagb-infobox-icon-above-title uagb-infobox-image-valign-top\"><div class=\"uagb-ifb-content\"><div class=\"uagb-ifb-title-wrap\"><span class=\"uagb-ifb-title-prefix\">vasucetni.cz<\/span><h5 class=\"uagb-ifb-title\">\u00fa\u010detn\u00ed a mzdov\u00e1 agenda 24\/7<\/h5><\/div><p class=\"uagb-ifb-desc\">V\u011bnujte se sv\u00e9mu podnik\u00e1n\u00ed, \u00fa\u010detnictv\u00ed nechte na n\u00e1s.<\/p><\/div><\/div>\n\n\n\n<div class=\"wp-block-uagb-buttons uagb-buttons__outer-wrap uagb-btn__default-btn uagb-btn-tablet__default-btn uagb-btn-mobile__default-btn uagb-block-912bf1b6\"><div class=\"uagb-buttons__wrap uagb-buttons-layout-wrap \">\n<div class=\"wp-block-uagb-buttons-child uagb-buttons__outer-wrap uagb-block-a9aac98c wp-block-button\"><div class=\"uagb-button__wrapper\"><a class=\"uagb-buttons-repeater wp-block-button__link\" aria-label=\"\" href=\"https:\/\/www.vasucetni.cz\/?page_id=901\" rel=\"follow noopener\" target=\"_self\" role=\"button\"><div class=\"uagb-button__link\">Vy\u017e\u00e1dejte si nab\u00eddku<\/div><\/a><\/div><\/div>\n\n\n\n<div class=\"wp-block-uagb-buttons-child uagb-buttons__outer-wrap uagb-block-c7e2527e wp-block-button\"><div class=\"uagb-button__wrapper\"><a class=\"uagb-buttons-repeater wp-block-button__link\" aria-label=\"\" href=\"https:\/\/www.vasucetni.cz\/?page_id=956\" rel=\"follow noopener\" target=\"_self\" role=\"button\"><div class=\"uagb-button__link\">Klientsk\u00e1 z\u00f3na<\/div><\/a><\/div><\/div>\n<\/div><\/div>\n<\/div>\n\n\n\n<div class=\"wp-block-uagb-container uag-blocks-common-selector uagb-block-10dc26f7\">\n<div class=\"wp-block-uagb-image alignright uagb-block-b3bdf720 wp-block-uagb-image--layout-default wp-block-uagb-image--effect-static wp-block-uagb-image--align-right uag-blocks-common-selector\" style=\"--z-index-desktop:undefined;;--z-index-tablet:1;;--z-index-mobile:undefined;\"><figure class=\"wp-block-uagb-image__figure\"><img decoding=\"async\" srcset=\"https:\/\/www.vasucetni.cz\/wp-content\/uploads\/2023\/11\/1629294094-Ent-QuickBooks.jpg ,http:\/\/www.vasucetni.cz\/wp-content\/uploads\/2023\/11\/1629294094-Ent-QuickBooks.jpg 780w, http:\/\/www.vasucetni.cz\/wp-content\/uploads\/2023\/11\/1629294094-Ent-QuickBooks.jpg 360w\" sizes=\"auto, (max-width: 480px) 150px\" src=\"https:\/\/www.vasucetni.cz\/wp-content\/uploads\/2023\/11\/1629294094-Ent-QuickBooks.jpg\" alt=\"\" class=\"uag-image-877\" width=\"521\" height=\"200\" title=\"\" loading=\"lazy\" role=\"img\"\/><\/figure><\/div>\n<\/div>\n<\/div><\/div>\n\n\n\n<div class=\"wp-block-uagb-container uagb-block-b80f27b7 alignfull uagb-is-root-container\"><div class=\"uagb-container-inner-blocks-wrap\">\n<div class=\"wp-block-uagb-info-box uagb-block-7d679f98 uagb-infobox__content-wrap  uagb-infobox-icon-above-title uagb-infobox-image-valign-top\"><div class=\"uagb-ifb-content\"><div class=\"uagb-ifb-title-wrap\"><span class=\"uagb-ifb-title-prefix\"><strong>SLU\u017dBY<\/strong><\/span><h2 class=\"uagb-ifb-title\">Co d\u011bl\u00e1me\u200b<\/h2><\/div><p class=\"uagb-ifb-desc\"><strong>N\u00ed\u017ee naleznete orienta\u010dn\u00ed v\u00fd\u010det poskytovan\u00fdch slu\u017eeb. Na\u0161i spole\u010dnou pr\u00e1ci se sna\u017e\u00edme co nejv\u00edce zjednodu\u0161ovat, automatizovat procesy a maximalizovat digit\u00e1ln\u00ed v\u00fdm\u011bnu dokument\u016f.<\/strong><\/p><\/div><\/div>\n\n\n\n<div class=\"wp-block-uagb-container uagb-block-2077df05\">\n<div class=\"wp-block-uagb-container uagb-block-d8f0b60a\">\n<figure class=\"wp-block-image size-full is-resized\"><img decoding=\"async\" src=\"https:\/\/www.vasucetni.cz\/wp-content\/uploads\/2023\/11\/image-5.ws-intense-next-it-services.webp\" alt=\"\" style=\"width:317px;height:auto\"\/><\/figure>\n<\/div>\n\n\n\n<div class=\"wp-block-uagb-container uagb-block-65473322\">\n<div class=\"wp-block-uagb-info-box uagb-block-53a3d024 uagb-infobox__content-wrap  uagb-infobox-icon-above-title uagb-infobox-image-valign-top\"><div class=\"uagb-ifb-content\"><div class=\"uagb-ifb-title-wrap\"><span class=\"uagb-ifb-title-prefix\">01.<\/span><h3 class=\"uagb-ifb-title\">\u00da\u010detnictv\u00ed\u200b<\/h3><\/div><p class=\"uagb-ifb-desc\">\u25ba komplexn\u00ed veden\u00ed \u00fa\u010detnictv\u00ed \u010di da\u0148ov\u00e9 evidence online<br>\u25ba mo\u017enost va\u0161eho vzd\u00e1len\u00e9ho p\u0159\u00edstupu do va\u0161\u00ed agendy<br>\u25ba zpracov\u00e1n\u00ed v ekonomick\u00e9m syst\u00e9mu Pohoda nebo Helios<br>\u25ba optimalizace zp\u016fsobu p\u0159ed\u00e1v\u00e1n\u00ed a zpracov\u00e1n\u00ed prvotn\u00edch podklad\u016f<br>\u25ba spr\u00e1va dokument\u016f, vz\u00e1jemn\u00e1 komunikace a notifikace online<br>\u25ba \u00fa\u010dtov\u00e1n\u00ed v\u0161ech operac\u00ed na z\u00e1klad\u011b podklad\u016f p\u0159edan\u00fdch fyzicky \u010di elektronicky<br>\u25ba vyhotoven\u00ed \u00fa\u010detn\u00edch v\u00fdkaz\u016f, reporting (management, banky&#8230;)<br>\u25ba zpracov\u00e1n\u00ed ro\u010dn\u00ed \u00fa\u010detn\u00ed z\u00e1v\u011brky<\/p><\/div><\/div>\n<\/div>\n<\/div>\n\n\n\n<div class=\"wp-block-uagb-container uagb-block-0c9eb736\">\n<div class=\"wp-block-uagb-container uagb-block-227e1a90\">\n<div class=\"wp-block-uagb-info-box uagb-block-fee0d496 uagb-infobox__content-wrap  uagb-infobox-icon-above-title uagb-infobox-image-valign-top\"><div class=\"uagb-ifb-content\"><div class=\"uagb-ifb-title-wrap\"><span class=\"uagb-ifb-title-prefix\">02.<\/span><h3 class=\"uagb-ifb-title\">Personalistika a mzdy\u200b<\/h3><\/div><p class=\"uagb-ifb-desc\">\u25ba person\u00e1ln\u00ed agenda<br>\u25ba p\u0159\u00edprava pracovn\u00edch smluv<br>\u25ba p\u0159ihl\u00e1\u0161ky\/odhl\u00e1\u0161ky zam\u011bstnanc\u016f<br>\u25ba komplexn\u00ed zpracov\u00e1n\u00ed mezd<br>\u25ba elektronick\u00e9 podklady pro \u00fahradu mezd a odvod\u016f<br>\u25ba hl\u00e1\u0161en\u00ed pro spr\u00e1vu soci\u00e1ln\u00edho zabezpe\u010den\u00ed a zdravotn\u00ed poji\u0161\u0165ovny<br>\u25ba ro\u010dn\u00ed z\u00fa\u010dtov\u00e1n\u00ed dan\u011b<br>\u25ba komunikace s \u00fa\u0159ady<\/p><\/div><\/div>\n<\/div>\n\n\n\n<div class=\"wp-block-uagb-container uagb-block-cc588acd\">\n<figure class=\"wp-block-image size-large is-resized\"><img decoding=\"async\" src=\"http:\/\/www.vasucetni.cz\/wp-content\/uploads\/2023\/11\/image-6.ws-intense-next-it-services.webp\" alt=\"\" style=\"width:330px;height:auto\"\/><\/figure>\n<\/div>\n<\/div>\n\n\n\n<div class=\"wp-block-uagb-container uagb-block-300f9d8b\">\n<div class=\"wp-block-uagb-container uagb-block-fb7aefcf\">\n<figure class=\"wp-block-image alignright size-large is-resized\"><img decoding=\"async\" src=\"http:\/\/www.vasucetni.cz\/wp-content\/uploads\/2023\/11\/image-4.ws-intense-next-it-services.webp\" alt=\"\" style=\"width:322px;height:auto\"\/><\/figure>\n<\/div>\n\n\n\n<div class=\"wp-block-uagb-container uagb-block-0237f020\">\n<div class=\"wp-block-uagb-info-box uagb-block-756ca381 uagb-infobox__content-wrap  uagb-infobox-icon-above-title uagb-infobox-image-valign-top\"><div class=\"uagb-ifb-content\"><div class=\"uagb-ifb-title-wrap\"><span class=\"uagb-ifb-title-prefix\">03.<\/span><h3 class=\"uagb-ifb-title\">Da\u0148ov\u00e1 p\u0159izn\u00e1n\u00ed\u200b<\/h3><\/div><p class=\"uagb-ifb-desc\">\u25ba registrace k dan\u00edm v \u010cR i EU<br>\u25ba da\u0148ov\u00e1 p\u0159izn\u00e1n\u00ed k dani z p\u0159idan\u00e9 hodnoty \/ kontroln\u00ed hl\u00e1\u0161en\u00ed \/ souhrnn\u00e9 hl\u00e1\u0161en\u00ed<br>\u25ba da\u0148ov\u00e1 p\u0159izn\u00e1n\u00ed k dani z p\u0159\u00edjm\u016f pr\u00e1vnick\u00fdch osob<br>\u25ba da\u0148ov\u00e1 p\u0159izn\u00e1n\u00ed k dani z p\u0159\u00edjm\u016f fyzick\u00fdch osob<br>\u25ba da\u0148 silni\u010dn\u00ed<br>\u25ba da\u0148 z nemovit\u00fdch v\u011bc\u00ed, da\u0148 z nabyt\u00ed nemovit\u00fdch v\u011bc\u00ed<\/p><\/div><\/div>\n<\/div>\n<\/div>\n\n\n\n<div class=\"wp-block-uagb-container uagb-block-55ef7e37\">\n<div class=\"wp-block-uagb-container uagb-block-54e291e3\">\n<div class=\"wp-block-uagb-container uagb-block-c421804b\">\n<div class=\"wp-block-uagb-container uagb-block-2596d9e1\">\n<div class=\"wp-block-uagb-container uagb-block-d38b3335\">\n<div class=\"wp-block-uagb-container uagb-block-3840f2e1\"><\/div>\n<\/div>\n\n\n\n<div class=\"wp-block-uagb-info-box uagb-block-4b73c588 uagb-infobox__content-wrap  uagb-infobox-icon-above-title uagb-infobox-image-valign-top\"><div class=\"uagb-ifb-content\"><div class=\"uagb-ifb-title-wrap\"><h3 class=\"uagb-ifb-title\"><br><br>Dal\u0161\u00ed slu\u017eby<\/h3><\/div><p class=\"uagb-ifb-desc\">\u25ba klientsk\u00e1 online podpora a komunikace<br>\u25ba \u00fa\u010detn\u00ed poradenstv\u00ed<br>\u25ba mo\u017enost dohledu a poradenstv\u00ed p\u0159i va\u0161em st\u00e1vaj\u00edc\u00edm zp\u016fsobu realizace ekonomick\u00fdch agend<br>\u25ba rekonstrukce \u00fa\u010detnictv\u00ed<br>\u25ba revize a anal\u00fdzy \u00fa\u010detnictv\u00ed<\/p><\/div><\/div>\n<\/div>\n<\/div>\n<\/div>\n<\/div>\n\n\n\n<p><\/p>\n<\/div><\/div>\n\n\n\n<div class=\"wp-block-uagb-container uagb-block-6a97acaf alignfull uagb-is-root-container\"><div class=\"uagb-container-inner-blocks-wrap\">\n<div class=\"wp-block-uagb-info-box uagb-block-e8fcc9de uagb-infobox__content-wrap  uagb-infobox-icon-above-title uagb-infobox-image-valign-top\"><div class=\"uagb-ifb-content\"><div class=\"uagb-ifb-title-wrap\"><span class=\"uagb-ifb-title-prefix\"><strong><strong>\u200b<\/strong><\/strong><\/span><h2 class=\"uagb-ifb-title\">Pro\u010d si n\u00e1s vybrat?\u200b<\/h2><\/div><\/div><\/div>\n\n\n\n<div class=\"wp-block-uagb-container uagb-block-78f4ae08\">\n<div class=\"wp-block-uagb-container uagb-block-0e46edca\">\n<div class=\"wp-block-uagb-info-box uagb-block-d9058169 uagb-infobox__content-wrap  uagb-infobox-icon-above-title uagb-infobox-image-valign-top\"><div class=\"uagb-ifb-content\"><div class=\"uagb-ifb-icon-wrap\"><div class=\"uagb-iconbox-icon-wrap uagb-infobox-shape-circle\"><svg xmlns=\"https:\/\/www.w3.org\/2000\/svg\" viewBox=\"0 0 448 512\"><path d=\"M160 32V64H288V32C288 14.33 302.3 0 320 0C337.7 0 352 14.33 352 32V64H400C426.5 64 448 85.49 448 112V160H0V112C0 85.49 21.49 64 48 64H96V32C96 14.33 110.3 0 128 0C145.7 0 160 14.33 160 32zM0 192H448V464C448 490.5 426.5 512 400 512H48C21.49 512 0 490.5 0 464V192zM328.1 304.1C338.3 295.6 338.3 280.4 328.1 271C319.6 261.7 304.4 261.7 295 271L200 366.1L152.1 319C143.6 309.7 128.4 309.7 119 319C109.7 328.4 109.7 343.6 119 352.1L183 416.1C192.4 426.3 207.6 426.3 216.1 416.1L328.1 304.1z\"><\/path><\/svg><\/div><\/div><div class=\"uagb-ifb-title-wrap\"><h4 class=\"uagb-ifb-title\"><strong>Jsme profesion\u00e1ln\u00ed\u200b<\/strong><\/h4><\/div><\/div><\/div>\n<\/div>\n\n\n\n<div class=\"wp-block-uagb-container uagb-block-e5dee318\">\n<div class=\"wp-block-uagb-info-box uagb-block-9d63215f uagb-infobox__content-wrap  uagb-infobox-icon-above-title uagb-infobox-image-valign-top\"><div class=\"uagb-ifb-content\"><div class=\"uagb-ifb-icon-wrap\"><div class=\"uagb-iconbox-icon-wrap uagb-infobox-shape-circle\"><svg xmlns=\"https:\/\/www.w3.org\/2000\/svg\" viewBox=\"0 0 512 512\"><path d=\"M0 144v288C0 457.6 22.41 480 48 480H96V96H48C22.41 96 0 118.4 0 144zM336 0h-160C150.4 0 128 22.41 128 48V480h256V48C384 22.41 361.6 0 336 0zM336 96h-160V48h160V96zM464 96H416v384h48c25.59 0 48-22.41 48-48v-288C512 118.4 489.6 96 464 96z\"><\/path><\/svg><\/div><\/div><div class=\"uagb-ifb-title-wrap\"><h4 class=\"uagb-ifb-title\"><strong><strong>Jsme flexibiln\u00ed\u200b<\/strong><\/strong><\/h4><\/div><\/div><\/div>\n<\/div>\n\n\n\n<div class=\"wp-block-uagb-container uagb-block-5c8bbfd0\">\n<div class=\"wp-block-uagb-info-box uagb-block-a9308473 uagb-infobox__content-wrap  uagb-infobox-icon-above-title uagb-infobox-image-valign-top\"><div class=\"uagb-ifb-content\"><div class=\"uagb-ifb-icon-wrap\"><div class=\"uagb-iconbox-icon-wrap uagb-infobox-shape-circle\"><svg xmlns=\"https:\/\/www.w3.org\/2000\/svg\" viewBox=\"0 0 512 512\"><path d=\"M256 512C114.6 512 0 397.4 0 256C0 114.6 114.6 0 256 0C397.4 0 512 114.6 512 256C512 397.4 397.4 512 256 512zM232 256C232 264 236 271.5 242.7 275.1L338.7 339.1C349.7 347.3 364.6 344.3 371.1 333.3C379.3 322.3 376.3 307.4 365.3 300L280 243.2V120C280 106.7 269.3 96 255.1 96C242.7 96 231.1 106.7 231.1 120L232 256z\"><\/path><\/svg><\/div><\/div><div class=\"uagb-ifb-title-wrap\"><h4 class=\"uagb-ifb-title\">Jsme rychl\u00ed<strong style=\"font-weight: bold;\"> <\/strong><\/h4><\/div><\/div><\/div>\n<\/div>\n<\/div>\n<\/div><\/div>\n\n\n\n<div class=\"wp-block-uagb-container uagb-block-e70aeaba alignfull uagb-is-root-container\"><div class=\"uagb-container-inner-blocks-wrap\">\n<div class=\"wp-block-uagb-container uagb-block-68235404\">\n<figure class=\"wp-block-image size-full is-resized\"><img decoding=\"async\" src=\"http:\/\/www.vasucetni.cz\/wp-content\/uploads\/2021\/07\/crop-woman-using-calculator-and-taking-notes-on-paper.jpg\" alt=\"\" style=\"width:536px;height:auto\"\/><\/figure>\n<\/div>\n\n\n\n<div class=\"wp-block-uagb-container uagb-block-ff68fc3f\">\n<div class=\"wp-block-uagb-info-box uagb-block-96e50fe2 uagb-infobox__content-wrap  uagb-infobox-icon-above-title uagb-infobox-image-valign-top\"><div class=\"uagb-ifb-content\"><div class=\"uagb-ifb-title-wrap\"><span class=\"uagb-ifb-title-prefix\">KONTAKTY<\/span><h3 class=\"uagb-ifb-title\">tel. 724370022<br>mail: <a href=\"mailto:info@vasucetni.cz\" target=\"_blank\" rel=\"noreferrer noopener\">info@vasucetni.cz<\/a>\u200b<\/h3><\/div><\/div><\/div>\n<\/div>\n<\/div><\/div>\n","protected":false},"excerpt":{"rendered":"","protected":false},"author":1,"featured_media":0,"parent":0,"menu_order":0,"comment_status":"closed","ping_status":"closed","template":"","meta":{"_uag_custom_page_level_css":"","_view_id":"","site-sidebar-layout":"no-sidebar","site-content-layout":"plain-container","ast-site-content-layout":"normal-width-container","site-content-style":"unboxed","site-sidebar-style":"unboxed","ast-global-header-display":"","ast-banner-title-visibility":"","ast-main-header-display":"","ast-hfb-above-header-display":"","ast-hfb-below-header-display":"","ast-hfb-mobile-header-display":"","site-post-title":"disabled","ast-breadcrumbs-content":"","ast-featured-img":"disabled","footer-sml-layout":"","theme-transparent-header-meta":"enabled","adv-header-id-meta":"","stick-header-meta":"","header-above-stick-meta":"","header-main-stick-meta":"","header-below-stick-meta":"","astra-migrate-meta-layouts":"set","ast-page-background-enabled":"default","ast-page-background-meta":{"desktop":{"background-color":"var(--ast-global-color-4)","background-image":"","background-repeat":"repeat","background-position":"center center","background-size":"auto","background-attachment":"scroll","background-type":"","background-media":"","overlay-type":"","overlay-color":"","overlay-gradient":""},"tablet":{"background-color":"","background-image":"","background-repeat":"repeat","background-position":"center center","background-size":"auto","background-attachment":"scroll","background-type":"","background-media":"","overlay-type":"","overlay-color":"","overlay-gradient":""},"mobile":{"background-color":"","background-image":"","background-repeat":"repeat","background-position":"center center","background-size":"auto","background-attachment":"scroll","background-type":"","background-media":"","overlay-type":"","overlay-color":"","overlay-gradient":""}},"ast-content-background-meta":{"desktop":{"background-color":"var(--ast-global-color-5)","background-image":"","background-repeat":"repeat","background-position":"center center","background-size":"auto","background-attachment":"scroll","background-type":"","background-media":"","overlay-type":"","overlay-color":"","overlay-gradient":""},"tablet":{"background-color":"var(--ast-global-color-5)","background-image":"","background-repeat":"repeat","background-position":"center center","background-size":"auto","background-attachment":"scroll","background-type":"","background-media":"","overlay-type":"","overlay-color":"","overlay-gradient":""},"mobile":{"background-color":"var(--ast-global-color-5)","background-image":"","background-repeat":"repeat","background-position":"center center","background-size":"auto","background-attachment":"scroll","background-type":"","background-media":"","overlay-type":"","overlay-color":"","overlay-gradient":""}},"footnotes":""},"class_list":["post-858","page","type-page","status-publish","hentry"],"uagb_featured_image_src":{"full":false,"thumbnail":false,"medium":false,"medium_large":false,"large":false,"1536x1536":false,"2048x2048":false},"uagb_author_info":{"display_name":"vasucetnic","author_link":"https:\/\/www.vasucetni.cz\/?author=1"},"uagb_comment_info":0,"uagb_excerpt":null,"_links":{"self":[{"href":"https:\/\/www.vasucetni.cz\/index.php?rest_route=\/wp\/v2\/pages\/858","targetHints":{"allow":["GET"]}}],"collection":[{"href":"https:\/\/www.vasucetni.cz\/index.php?rest_route=\/wp\/v2\/pages"}],"about":[{"href":"https:\/\/www.vasucetni.cz\/index.php?rest_route=\/wp\/v2\/types\/page"}],"author":[{"embeddable":true,"href":"https:\/\/www.vasucetni.cz\/index.php?rest_route=\/wp\/v2\/users\/1"}],"replies":[{"embeddable":true,"href":"https:\/\/www.vasucetni.cz\/index.php?rest_route=%2Fwp%2Fv2%2Fcomments&post=858"}],"version-history":[{"count":1,"href":"https:\/\/www.vasucetni.cz\/index.php?rest_route=\/wp\/v2\/pages\/858\/revisions"}],"predecessor-version":[{"id":1723,"href":"https:\/\/www.vasucetni.cz\/index.php?rest_route=\/wp\/v2\/pages\/858\/revisions\/1723"}],"wp:attachment":[{"href":"https:\/\/www.vasucetni.cz\/index.php?rest_route=%2Fwp%2Fv2%2Fmedia&parent=858"}],"curies":[{"name":"wp","href":"https:\/\/api.w.org\/{rel}","templated":true}]}}